{"id":65,"date":"2016-04-01T11:26:40","date_gmt":"2016-04-01T09:26:40","guid":{"rendered":"http:\/\/as-fensterbau.homepage.t-online.de\/cms\/wp\/?page_id=65"},"modified":"2016-08-25T12:28:51","modified_gmt":"2016-08-25T10:28:51","slug":"fenster","status":"publish","type":"page","link":"https:\/\/www.as-fensterbau.de\/index.php\/produkte\/fenster","title":{"rendered":"Fenster"},"content":{"rendered":"<p>[et_pb_section admin_label=&#8221;Sektion&#8221; global_module=&#8221;147&#8243; fullwidth=&#8221;on&#8221; specialty=&#8221;off&#8221; transparent_background=&#8221;off&#8221; background_color=&#8221;#ffffff&#8221; allow_player_pause=&#8221;off&#8221; inner_shadow=&#8221;off&#8221; parallax=&#8221;off&#8221; parallax_method=&#8221;off&#8221; padding_mobile=&#8221;off&#8221; make_fullwidth=&#8221;off&#8221; use_custom_width=&#8221;off&#8221; width_unit=&#8221;on&#8221; make_equal=&#8221;off&#8221; use_custom_gutter=&#8221;off&#8221;][et_pb_fullwidth_menu global_parent=&#8221;147&#8243; admin_label=&#8221;Hauptmen\u00fc&#8221; menu_id=&#8221;2&#8243; background_color=&#8221;#005396&#8243; background_layout=&#8221;dark&#8221; text_orientation=&#8221;center&#8221; submenu_direction=&#8221;downwards&#8221; fullwidth_menu=&#8221;on&#8221; active_link_color=&#8221;#0e9af2&#8243; dropdown_menu_animation=&#8221;expand&#8221; dropdown_menu_bg_color=&#8221;#ffffff&#8221; dropdown_menu_line_color=&#8221;rgba(197,198,198,0)&#8221; dropdown_menu_text_color=&#8221;#005396&#8243; menu_font_size=&#8221;15px&#8221; menu_font=&#8221;|on||on|&#8221; mobile_menu_bg_color=&#8221;#ffffff&#8221; mobile_menu_text_color=&#8221;#005396&#8243;]<\/p>\n<p>[\/et_pb_fullwidth_menu][\/et_pb_section][et_pb_section admin_label=&#8221;section&#8221; global_module=&#8221;148&#8243; transparent_background=&#8221;off&#8221; background_color=&#8221;#ffffff&#8221; allow_player_pause=&#8221;off&#8221; inner_shadow=&#8221;off&#8221; parallax=&#8221;off&#8221; parallax_method=&#8221;off&#8221; custom_padding=&#8221;0px|||&#8221; padding_mobile=&#8221;off&#8221; make_fullwidth=&#8221;off&#8221; use_custom_width=&#8221;off&#8221; width_unit=&#8221;on&#8221; make_equal=&#8221;off&#8221; use_custom_gutter=&#8221;off&#8221;][et_pb_row global_parent=&#8221;148&#8243; admin_label=&#8221;row&#8221;][et_pb_column type=&#8221;1_3&#8243;][et_pb_image global_parent=&#8221;148&#8243; admin_label=&#8221;Logo&#8221; src=&#8221;https:\/\/www.as-fensterbau.de\/wp-content\/uploads\/2016\/04\/Logo-AS-Fensterbau-GmbH.png&#8221; alt=&#8221;AS Fensterbau GmbH&#8221; title_text=&#8221;Qualit\u00e4tsfenster vom Fachbetrieb&#8221; show_in_lightbox=&#8221;off&#8221; url=&#8221;http:\/\/as-fensterbau.homepage.t-online.de\/cms\/wp\/&#8221; url_new_window=&#8221;off&#8221; use_overlay=&#8221;off&#8221; animation=&#8221;off&#8221; sticky=&#8221;off&#8221; align=&#8221;left&#8221; force_fullwidth=&#8221;off&#8221; always_center_on_mobile=&#8221;on&#8221; use_border_color=&#8221;off&#8221; border_color=&#8221;#ffffff&#8221; border_style=&#8221;solid&#8221;]<\/p>\n<p>[\/et_pb_image][\/et_pb_column][et_pb_column type=&#8221;1_3&#8243;][et_pb_divider global_parent=&#8221;148&#8243; admin_label=&#8221;Teiler&#8221; color=&#8221;#ffffff&#8221; show_divider=&#8221;off&#8221; height=&#8221;5&#8243; divider_style=&#8221;solid&#8221; divider_position=&#8221;top&#8221; hide_on_mobile=&#8221;on&#8221;]<\/p>\n<p>[\/et_pb_divider][et_pb_text global_parent=&#8221;148&#8243; admin_label=&#8221;Rehau Logo&#8221; background_layout=&#8221;light&#8221; text_orientation=&#8221;left&#8221; use_border_color=&#8221;off&#8221; border_color=&#8221;#ffffff&#8221; border_style=&#8221;solid&#8221;]<\/p>\n<p><img loading=\"lazy\" decoding=\"async\" class=\"aligncenter size-full wp-image-53\" src=\"https:\/\/www.as-fensterbau.de\/wp-content\/uploads\/2016\/04\/Rehau-Logo.png\" alt=\"Rehau-Logo\" width=\"217\" height=\"100\" \/><\/p>\n<p>[\/et_pb_text][\/et_pb_column][et_pb_column type=&#8221;1_3&#8243;][et_pb_text global_parent=&#8221;148&#8243; admin_label=&#8221;Adresse AS Fensterbau&#8221; background_layout=&#8221;light&#8221; text_orientation=&#8221;left&#8221; use_border_color=&#8221;off&#8221; border_color=&#8221;#ffffff&#8221; border_style=&#8221;solid&#8221; text_font=&#8221;|on|||&#8221; text_text_color=&#8221;#005396&#8243;]<\/p>\n<p>AS Fensterbau GmbH<br \/>\nWierlings Busch 3<br \/>\n48249 D\u00fclmen<br \/>\nTel: <a href=\"tel:+492594991123\">0 25 94 \/ 99 11 23<\/a><br \/>\nFax: 0 25 94 \/ 99 11 57<br \/>\nE-Mail: <a href=\"mailto:info@as-fensterbau.de\">info@as-fensterbau.de<\/a><\/p>\n<p>Mo bis Fr: 7:00 bis 17:00 Uhr<br \/>\nSa: 9.00 bis 12.00 Uhr oder nach Vereinbarung<\/p>\n<p>[\/et_pb_text][\/et_pb_column][\/et_pb_row][\/et_pb_section][et_pb_section admin_label=&#8221;Sektion&#8221; fullwidth=&#8221;on&#8221; specialty=&#8221;off&#8221; transparent_background=&#8221;off&#8221; background_color=&#8221;#ffffff&#8221; allow_player_pause=&#8221;off&#8221; inner_shadow=&#8221;off&#8221; parallax=&#8221;off&#8221; parallax_method=&#8221;off&#8221; padding_mobile=&#8221;off&#8221; make_fullwidth=&#8221;off&#8221; use_custom_width=&#8221;off&#8221; width_unit=&#8221;on&#8221; make_equal=&#8221;off&#8221; use_custom_gutter=&#8221;off&#8221;][et_pb_fullwidth_slider admin_label=&#8221;Vollbreiter Slider&#8221; show_arrows=&#8221;on&#8221; show_pagination=&#8221;on&#8221; auto=&#8221;off&#8221; auto_ignore_hover=&#8221;off&#8221; parallax=&#8221;off&#8221; parallax_method=&#8221;off&#8221; remove_inner_shadow=&#8221;off&#8221; background_position=&#8221;default&#8221; background_size=&#8221;default&#8221; hide_content_on_mobile=&#8221;off&#8221; hide_cta_on_mobile=&#8221;off&#8221; show_image_video_mobile=&#8221;off&#8221; custom_button=&#8221;off&#8221; button_letter_spacing=&#8221;0&#8243; button_use_icon=&#8221;default&#8221; button_icon_placement=&#8221;right&#8221; button_on_hover=&#8221;on&#8221; button_letter_spacing_hover=&#8221;0&#8243;]<\/p>\n<p>[et_pb_slide background_image=&#8221;https:\/\/www.as-fensterbau.de\/wp-content\/uploads\/2016\/04\/header-fenster.jpg&#8221; background_position=&#8221;default&#8221; background_size=&#8221;default&#8221; background_color=&#8221;#ffffff&#8221; use_bg_overlay=&#8221;off&#8221; use_text_overlay=&#8221;off&#8221; alignment=&#8221;center&#8221; background_layout=&#8221;dark&#8221; allow_player_pause=&#8221;off&#8221; text_border_radius=&#8221;3&#8243; header_font_select=&#8221;default&#8221; header_font=&#8221;|||on|&#8221; body_font_select=&#8221;default&#8221; body_font=&#8221;||||&#8221; custom_button=&#8221;off&#8221; button_font_select=&#8221;default&#8221; button_font=&#8221;||||&#8221; button_use_icon=&#8221;default&#8221; button_icon_placement=&#8221;right&#8221; button_on_hover=&#8221;on&#8221; heading=&#8221;Bei uns werden alle Fenster grunds\u00e4tzlich<br \/>\nmit Stahlarmierung gefertigt!&#8221;] [\/et_pb_slide]<\/p>\n<p>[\/et_pb_fullwidth_slider][\/et_pb_section][et_pb_section admin_label=&#8221;section&#8221;][et_pb_row admin_label=&#8221;row&#8221;][et_pb_column type=&#8221;4_4&#8243;][et_pb_toggle admin_label=&#8221;SYNEGO&#8221; title=&#8221;REHAU SYNEGO&#8221; open=&#8221;on&#8221; use_border_color=&#8221;off&#8221; border_color=&#8221;#ffffff&#8221; border_style=&#8221;solid&#8221;]<\/p>\n<p><a href=\"https:\/\/www.as-fensterbau.de\/wp-content\/uploads\/2016\/04\/Produkte_Fenster_Synego.jpg\" target=\"_blank\"><img loading=\"lazy\" decoding=\"async\" class=\"alignleft size-medium wp-image-432\" src=\"https:\/\/www.as-fensterbau.de\/wp-content\/uploads\/2016\/04\/Produkte_Fenster_Synego-300x300.jpg\" alt=\"Produkte_Fenster_Synego\" width=\"300\" height=\"300\" srcset=\"https:\/\/www.as-fensterbau.de\/wp-content\/uploads\/2016\/04\/Produkte_Fenster_Synego-300x300.jpg 300w, https:\/\/www.as-fensterbau.de\/wp-content\/uploads\/2016\/04\/Produkte_Fenster_Synego-150x150.jpg 150w, https:\/\/www.as-fensterbau.de\/wp-content\/uploads\/2016\/04\/Produkte_Fenster_Synego-768x768.jpg 768w, https:\/\/www.as-fensterbau.de\/wp-content\/uploads\/2016\/04\/Produkte_Fenster_Synego.jpg 915w\" sizes=\"auto, (max-width: 300px) 100vw, 300px\" \/><\/a><strong>SYNEGO Fenster lohnen sich<\/strong><\/p>\n<p>Machen Sie es sich gem\u00fctlich zuhause, denn SYNEGO Fenster lohnen sich in vielerlei Hinsicht:<br \/>\nNeue SYNEGO Fenster sind das ideale Sparprogramm. Im Vergleich zu aktuellen Standardfenstern bietet Ihnen SYNEGO bis zu 50 % mehr W\u00e4rmed\u00e4mmung. Sie senken sp\u00fcrbar Ihre Heizkosten und steigern den Wert Ihrer Immobilie \u2013 heute, morgen und \u00fcbermorgen.<\/p>\n<p>Au\u00dferdem wird Ihr Zuhause mit SYNEGO zur Ruheoase. Lauter Verkehrsl\u00e4rm, der Rasenm\u00e4her des Nachbarn \u2013 mit SYNEGO schlie\u00dfen Sie den L\u00e4rm einfach aus. Und Sie f\u00fchlen sich geborgen. Denn zu Hause sein bedeutet Sicherheit, Komfort, Ruhe und Vertrautheit. Dank SYNEGO Fenstern k\u00f6nnen Sie sich zu Hause sicher f\u00fchlen.<\/p>\n<p><strong>Das 7-Kammerprofil in 80 mm Bautiefe<\/strong><\/p>\n<p><strong>Bautiefe: 80mm<\/strong><\/p>\n<p><strong>Einbruchhemmung: bis Wiederstandsklasse 3<\/strong><\/p>\n<p>-Schlagregendichtheit: bis Klasse 9A nach DIN EN 12208<\/p>\n<p>-Schalld\u00e4mmung bis 46 dB<\/p>\n<p>-Umweltfreundlich, da recyclebar<\/p>\n<p>Ihre Vorteile im \u00dcberblick:<\/p>\n<ul>\n<li>Energie sparen dank hoher W\u00e4rmed\u00e4mmung<\/li>\n<li>Ruhe genie\u00dfen im bestem Schallschutz<\/li>\n<li>Sicher f\u00fchlen mit individuellen Ma\u00dfnahmen f\u00fcr Ihre Wohnlage<\/li>\n<li>Kreatives Fensterdesign mit zahlreichen Formen und Farben<\/li>\n<li>Gl\u00e4nzend saubere Fenster mit der einzigartigen HDF- Formel<\/li>\n<li>Verantwortungsvoller Beitrag f\u00fcr unsere Umwelt<\/li>\n<\/ul>\n<p><a href=\"\/wp-content\/uploads\/2016\/04\/grafik-synego.png\" target=\"_blank\"><img loading=\"lazy\" decoding=\"async\" class=\"alignnone wp-image-304\" src=\"https:\/\/www.as-fensterbau.de\/wp-content\/uploads\/2016\/04\/grafik-synego.png\" alt=\"grafik-synego\" width=\"600\" height=\"268\" srcset=\"https:\/\/www.as-fensterbau.de\/wp-content\/uploads\/2016\/04\/grafik-synego.png 964w, https:\/\/www.as-fensterbau.de\/wp-content\/uploads\/2016\/04\/grafik-synego-300x134.png 300w, https:\/\/www.as-fensterbau.de\/wp-content\/uploads\/2016\/04\/grafik-synego-768x343.png 768w\" sizes=\"auto, (max-width: 600px) 100vw, 600px\" \/><\/a><\/p>\n<p><a href=\"http:\/\/as-fensterbau.homepage.t-online.de\/cms\/wp\/kontakt\/\">Sie interessieren sich f\u00fcr SYNEGO ? Wir beraten Sie gern!<\/a><\/p>\n<p>Laden Sie hier die <a href=\"https:\/\/www.as-fensterbau.de\/wp-content\/uploads\/2016\/04\/synego-broschuere.pdf\" target=\"_blank\">SYNEGO Produktbrosch\u00fcre im PDF-Format<\/a> herunter<\/p>\n<p>[\/et_pb_toggle][et_pb_toggle admin_label=&#8221;GENEO&#8221; title=&#8221;REHAU GENEO&#8221; open=&#8221;off&#8221; use_border_color=&#8221;off&#8221; border_color=&#8221;#ffffff&#8221; border_style=&#8221;solid&#8221;]<\/p>\n<p><strong><a href=\"https:\/\/www.as-fensterbau.de\/wp-content\/uploads\/2016\/04\/profil-geneo.jpg\" target=\"_blank\"><img loading=\"lazy\" decoding=\"async\" class=\"alignleft size-thumbnail wp-image-297\" src=\"https:\/\/www.as-fensterbau.de\/wp-content\/uploads\/2016\/04\/profil-geneo-150x150.jpg\" alt=\"profil-geneo\" width=\"150\" height=\"150\" srcset=\"https:\/\/www.as-fensterbau.de\/wp-content\/uploads\/2016\/04\/profil-geneo-150x150.jpg 150w, https:\/\/www.as-fensterbau.de\/wp-content\/uploads\/2016\/04\/profil-geneo-300x300.jpg 300w, https:\/\/www.as-fensterbau.de\/wp-content\/uploads\/2016\/04\/profil-geneo-768x768.jpg 768w, https:\/\/www.as-fensterbau.de\/wp-content\/uploads\/2016\/04\/profil-geneo.jpg 915w\" sizes=\"auto, (max-width: 150px) 100vw, 150px\" \/><\/a><\/strong>GENEO aus RAU-FIPRO<br \/>\n<strong>W\u00e4rmed\u00e4mmung ohne Kompromisse<\/strong><\/p>\n<p>Energieeffizienz in Perfektion: Bis zu 76% Energie sparen.<\/p>\n<p>GENEO revolutioniert den Fensterbau und bietet Ihnen einzigartige Vorteile wie kein anderes System! GENEO-Fenster haben einen Profilkern aus dem Hightech-Werkstoff RAU-FIPRO. Das ist ein Faserverbundwerkstoff, der \u00e4hnlich im Flugzeugbau und der Formel 1 eingesetzt wird und enormen Belastungen ausgesetzt ist.<\/p>\n<p>Das energieeffizienteste Fenster seiner Klasse<\/p>\n<p>Das 6-Kammerprofil in 86 mm Bautiefe<\/p>\n<p><strong>Einbruchhemmung:<\/strong> bis Widerstandsklasse 3<br \/>\nbis Widerstandsklasse 2 ohne Stahl<\/p>\n<p><strong>Schalld\u00e4mmung:<\/strong> bis Schallschutzklasse 5<\/p>\n<p>Maximale W\u00e4rmed\u00e4mmung m\u00f6glich! Das liefert beste Voraussetzungen f\u00fcr \u00f6ffentliche F\u00f6rderungsm\u00f6glichkeiten.<\/p>\n<p>Eine bessere und zukunftssichere Entscheidung k\u00f6nnen Sie nicht treffen.<\/p>\n<p><strong>Ihre Vorteile im \u00dcberblick:<\/strong><\/p>\n<ul>\n<li>Das erste vollarmierte Fensterprofilsystem<\/li>\n<li>Das energieeffizienteste Fenster seiner Klasse \u2013 bis hin zum Passivhausstandard<\/li>\n<li>Bester Schallschutz und Einbruchhemmung \u2013 inklusive Energieeffizienz<\/li>\n<li>Gro\u00dfe Elemente mit schlanken Ansichten f\u00fcr optimale solare Energiegewinne und moderne Architektur<\/li>\n<li>Individuelle Gestaltungsm\u00f6glichkeiten f\u00fcr Fenster und Balkont\u00fcren<\/li>\n<li>Umfangreiche Form-, Farben- und Profilvielfalt f\u00fcr alle Anspr\u00fcche<\/li>\n<li>Optimierter Schlie\u00dfdruck beim \u00d6ffnen und Schlie\u00dfen f\u00fcr maximalen Komfort<\/li>\n<li>Einfache Pflege und Reinigung durch die bew\u00e4hrte und besonders glatte REHAU HDF-Oberfl\u00e4che (High-Definition-Finishing)<\/li>\n<li>Hohe Investitionssicherheit und langfristiger Werterhalt der Immobilie<\/li>\n<li>Hohe Material- und Konstruktionsqualit\u00e4t, gepr\u00fcft in zahlreichen Belastungstests<\/li>\n<\/ul>\n<p><a href=\"https:\/\/www.as-fensterbau.de\/wp-content\/uploads\/2016\/04\/grafik-geneo.png\"><img loading=\"lazy\" decoding=\"async\" class=\"alignnone wp-image-308\" src=\"https:\/\/www.as-fensterbau.de\/wp-content\/uploads\/2016\/04\/grafik-geneo-1024x466.png\" alt=\"grafik-geneo\" width=\"599\" height=\"273\" srcset=\"https:\/\/www.as-fensterbau.de\/wp-content\/uploads\/2016\/04\/grafik-geneo-1024x466.png 1024w, https:\/\/www.as-fensterbau.de\/wp-content\/uploads\/2016\/04\/grafik-geneo-300x137.png 300w, https:\/\/www.as-fensterbau.de\/wp-content\/uploads\/2016\/04\/grafik-geneo-768x350.png 768w, https:\/\/www.as-fensterbau.de\/wp-content\/uploads\/2016\/04\/grafik-geneo.png 1041w\" sizes=\"auto, (max-width: 599px) 100vw, 599px\" \/><\/a><\/p>\n<p><a href=\"http:\/\/as-fensterbau.homepage.t-online.de\/cms\/wp\/kontakt\/\">Wir beraten Sie gerne zu diesem Thema.<\/a><\/p>\n<p>Laden Sie hier die\u00a0<a href=\"https:\/\/www.as-fensterbau.de\/wp-content\/uploads\/2016\/04\/geneo-prospekt.pdf\" target=\"_blank\">GENEO Brosch\u00fcre im PDF-Format<\/a> herunter.<\/p>\n<p>[\/et_pb_toggle][\/et_pb_column][\/et_pb_row][\/et_pb_section]<\/p>\n","protected":false},"excerpt":{"rendered":"<p>[et_pb_section admin_label=&#8221;Sektion&#8221; global_module=&#8221;147&#8243; fullwidth=&#8221;on&#8221; specialty=&#8221;off&#8221; transparent_background=&#8221;off&#8221; background_color=&#8221;#ffffff&#8221; allow_player_pause=&#8221;off&#8221; inner_shadow=&#8221;off&#8221; parallax=&#8221;off&#8221; parallax_method=&#8221;off&#8221; padding_mobile=&#8221;off&#8221; make_fullwidth=&#8221;off&#8221; use_custom_width=&#8221;off&#8221; width_unit=&#8221;on&#8221; make_equal=&#8221;off&#8221; use_custom_gutter=&#8221;off&#8221;][et_pb_fullwidth_menu global_parent=&#8221;147&#8243; admin_label=&#8221;Hauptmen\u00fc&#8221; menu_id=&#8221;2&#8243; background_color=&#8221;#005396&#8243; background_layout=&#8221;dark&#8221; text_orientation=&#8221;center&#8221; submenu_direction=&#8221;downwards&#8221; fullwidth_menu=&#8221;on&#8221; active_link_color=&#8221;#0e9af2&#8243; dropdown_menu_animation=&#8221;expand&#8221; dropdown_menu_bg_color=&#8221;#ffffff&#8221; dropdown_menu_line_color=&#8221;rgba(197,198,198,0)&#8221; dropdown_menu_text_color=&#8221;#005396&#8243; menu_font_size=&#8221;15px&#8221; menu_font=&#8221;|on||on|&#8221; mobile_menu_bg_color=&#8221;#ffffff&#8221; mobile_menu_text_color=&#8221;#005396&#8243;] [\/et_pb_fullwidth_menu][\/et_pb_section][et_pb_section admin_label=&#8221;section&#8221; global_module=&#8221;148&#8243; transparent_background=&#8221;off&#8221; background_color=&#8221;#ffffff&#8221; allow_player_pause=&#8221;off&#8221; inner_shadow=&#8221;off&#8221; parallax=&#8221;off&#8221; parallax_method=&#8221;off&#8221; custom_padding=&#8221;0px|||&#8221; padding_mobile=&#8221;off&#8221; make_fullwidth=&#8221;off&#8221; use_custom_width=&#8221;off&#8221; width_unit=&#8221;on&#8221; make_equal=&#8221;off&#8221; use_custom_gutter=&#8221;off&#8221;][et_pb_row global_parent=&#8221;148&#8243; admin_label=&#8221;row&#8221;][et_pb_column type=&#8221;1_3&#8243;][et_pb_image global_parent=&#8221;148&#8243; admin_label=&#8221;Logo&#8221; [&hellip;]<\/p>\n","protected":false},"author":2,"featured_media":0,"parent":63,"menu_order":0,"comment_status":"closed","ping_status":"closed","template":"","meta":{"_et_pb_use_builder":"on","_et_pb_old_content":"","_et_gb_content_width":"","inline_featured_image":false,"footnotes":""},"class_list":["post-65","page","type-page","status-publish","hentry"],"_links":{"self":[{"href":"https:\/\/www.as-fensterbau.de\/index.php\/wp-json\/wp\/v2\/pages\/65","targetHints":{"allow":["GET"]}}],"collection":[{"href":"https:\/\/www.as-fensterbau.de\/index.php\/wp-json\/wp\/v2\/pages"}],"about":[{"href":"https:\/\/www.as-fensterbau.de\/index.php\/wp-json\/wp\/v2\/types\/page"}],"author":[{"embeddable":true,"href":"https:\/\/www.as-fensterbau.de\/index.php\/wp-json\/wp\/v2\/users\/2"}],"replies":[{"embeddable":true,"href":"https:\/\/www.as-fensterbau.de\/index.php\/wp-json\/wp\/v2\/comments?post=65"}],"version-history":[{"count":35,"href":"https:\/\/www.as-fensterbau.de\/index.php\/wp-json\/wp\/v2\/pages\/65\/revisions"}],"predecessor-version":[{"id":280,"href":"https:\/\/www.as-fensterbau.de\/index.php\/wp-json\/wp\/v2\/pages\/65\/revisions\/280"}],"up":[{"embeddable":true,"href":"https:\/\/www.as-fensterbau.de\/index.php\/wp-json\/wp\/v2\/pages\/63"}],"wp:attachment":[{"href":"https:\/\/www.as-fensterbau.de\/index.php\/wp-json\/wp\/v2\/media?parent=65"}],"curies":[{"name":"wp","href":"https:\/\/api.w.org\/{rel}","templated":true}]}}